
34
Let h be ((-1)/3)/(2 - 73/36). Suppose -c = l - h, -3*l - 7 = c - 35. Suppose 0 = l*v - 108 + 28. What is the remainder when v is divided by 9?
1
Let j = -1628 - -1648. What is the remainder when 4137 is divided by j?
17
Let i = -6433 - -6575. Calculate the remainder when i is divided by 56.
30
Let d = 147 + -284. Let i = d - -144. Calculate the remainder when 55 is divided by i.
6
Suppose 4005*r - 5856 = 3989*r. Calculate the remainder when r is divided by 25.
16
Let w = -441 - -467. Calculate the remainder when 1/(4/8) - 3 - -232 is divided by w.
23
Suppose -5*h - 27*h = -1792. Calculate the remainder when 163 is divided by h.
51
Let x(r) = -2*r**2 - 49*r + 5. Let i(t) = -3*t**2 - 10*t + 24. Let u be i(-6). Let g = 20 + 36. What is the remainder when g is divided by x(u)?
27
Let v = 15 + -13. Suppose -4*r + 17 = -v*r - 5*y, 3*y - 9 = 0. What is the remainder when 27 is divided by r?
11
Suppose -127*p - 451 = -17*p - 7271. What is the remainder when 308 is divided by p?
60
Let u = -41 + 44. Suppose 37 = 5*n + 2*g - 97, -u*g = -3*n + 72. Let l = n + 5. What is the remainder when l is divided by 3?
1
Let h(y) = 17*y - 50. Let c(w) = 25*w**2 - 27*w**2 + w + 9*w**3 + 1 - 3*w**3. What is the remainder when h(4) is divided by c(1)?
0
Suppose 4*u - 3*g - 245 = 0, -3*u + 8*g - 11*g = -168. Let o(p) = 36*p + 28. What is the remainder when o(6) is divided by u?
8
Let a(p) be the first derivative of p**4/4 + 10*p**3/3 + 3*p**2 - 16*p - 58. What is the remainder when 70 is divided by a(-9)?
4
Suppose 0*g + 48 = 12*g. Suppose g*t - 5*x - 45 = 0, 3*t + 5*x + 12 = 37. Calculate the remainder when 12 is divided by t.
2
What is the remainder when 1119 is divided by (-38)/(-152) - (0 + 78/(-8))?
9
Let a = 11667 + -11608. What is the remainder when 3008 is divided by a?
58
Suppose -10*t = -330 - 270. Suppose 8 = 4*l, 5*y - l + 4*l - 331 = 0. Calculate the remainder when y is divided by t.
5
Let h = -15316 - -15542. What is the remainder when 555 is divided by h?
103
Let u(m) = 3*m**2 + 6*m - 1. Suppose 3*b - 6*b = 9. Let t be u(b). Suppose t*o = 3*o + 95. What is the remainder when 92 is divided by o?
16
Suppose 7*s - 45*s + 7068 = 38*s. What is the remainder when s is divided by 34?
25
Suppose -568 = -5*x + g - 97, g = 4. Let u(r) = -6*r - 6. Let t be 18/(-9) + -3 + 1 + -1. What is the remainder when x is divided by u(t)?
23
Suppose 0*s = -4*s - 120. Let t be 18648/315 - 6/5. Let w = s + t. Calculate the remainder when w is divided by 10.
8
Let v(i) = 5*i**2 - 126*i - 735. Calculate the remainder when 219 is divided by v(-6).
18
Suppose -j = -f + 154, 11*j - 5*f + 619 = 7*j. Let u = j + 167. Calculate the remainder when 4/4 + 2 - -24 is divided by u.
11
Suppose -2*p - 6*a + 20 = 0, 17*a - 15*a + 110 = 4*p. Suppose d + 1 = 3. Calculate the remainder when p is divided by d.
1
Suppose -968*n + 230*n + 2952 = 0. What is the remainder when 2623 is divided by n?
3
What is the remainder when 331 is divided by (-36)/(-78)*(-78)/(-9)?
3
Let j(n) = n**3 + n**2 + n - 7. Suppose -3*q = -d + 5, -5*q = -9*d + 5*d + 13. What is the remainder when 122 is divided by j(d)?
3
Let p(q) = -q**3 + 6*q**2 - 6*q + 7. Let z(g) = g - 9. Suppose -2*k = 4*k - 78. Let r be z(k). What is the remainder when 28 is divided by p(r)?
13
Suppose -4*i + 4*f = -11 - 33, 3*i - 25 = 5*f. Suppose 12*z + i = 15*z. Suppose 432 = 3*d + z*d. What is the remainder when d is divided by 30?
24
Calculate the remainder when 548 is divided by (-4 - 262/4)*-2.
131
Let k(i) = 1. Let x(n) = -2*n**2 + 37*n + 14. Let u(j) = -4*k(j) - x(j). Let w be u(19). What is the remainder when 146 is divided by (w - 21/(-9))/(16/120)?
21
Let f(q) = 57*q - 114. Let s be f(-30). What is the remainder when 53 is divided by (6/(-8))/(18/s*4)?
15
What is the remainder when (13 + 2277/15)*(3 + 3/(-6)) is divided by 169?
74
Let b(q) = -q**3 + 7*q**2 + 3*q - 27. Let o be b(10). Let n = 358 + o. What is the remainder when n is divided by 13?
9
Suppose -v + 100 = 6*j - 3*j, -j + 36 = 3*v. Let c = j - 27. Calculate the remainder when -3*22/c*-2 is divided by 9.
4
What is the remainder when (-733698)/(-1323) + 8/(-14) is divided by 49?
15
Let i(r) = r**3 + 16*r**2 - 12*r - 24. Calculate the remainder when i(-16) is divided by 62.
44
Suppose 3*j + 0*h - 160 = 2*h, -76 = -j - 5*h. Let z be (523/7 - 0) + 62/217. Let u = -56 + z. What is the remainder when j is divided by u?
18
Let i(v) = 2*v + 5*v + 2*v**3 - 58 - 5*v**2 + 51. Calculate the remainder when i(4) is divided by 4.
1
Let g(d) = 4*d**3 - 7*d**2 - 5*d + 6. Let m = 35 + -7. Let v = -6 + m. Calculate the remainder when g(4) is divided by v.
20
Let l = -2169 + 2179. Calculate the remainder when 1*59 + 0/(-5) is divided by l.
9
Suppose -492*f + 39960 = -418*f. Calculate the remainder when 1622 is divided by f.
2
Suppose -70*l - 908 = -2*y - 72*l, -4*l = 24. What is the remainder when y is divided by 126?
82
Let x = 30 - 28. Suppose 3*y - 465 = -x*k, -191 - 964 = -5*k - 5*y. What is the remainder when k is divided by 23?
21
Let h(y) = -102*y**3 + y**2 + 47*y + 92. What is the remainder when 828 is divided by h(-2)?
10
Suppose 3*m + 2*m = 4*k - 39, -5*m = 2*k - 57. What is the remainder when 6 - (3 + 3) - 135/(-3) is divided by k?
13
Suppose 5*q - 3*z = 0, -4*q = -4*z + 6*z. Suppose q = -0*d - 7*d + 231. Calculate the remainder when d is divided by 4/(-6) - (-159)/9.
16
Let c(j) = j**3 - 9*j**2 - 3*j + 5. Let o be c(9). Let w = 26 + o. Suppose -7*m + 105 = 8*m. Calculate the remainder when m is divided by w.
3
Suppose 3*r - 4122 = 45*k - 46*k, -5*r + 4*k + 6870 = 0. Calculate the remainder when r is divided by 51.
48
Suppose 5*b - 5*m + 102 = -3, -63 = 3*b - 5*m. Let l = -244 - -306. What is the remainder when l is divided by (-6)/b + (-623)/(-49)?
10
Let c(m) = 2*m + 13. Let p be 14/3 + 2/6. Suppose 4*g + 4*x = 44, 0*g - g + p*x = 7. Calculate the remainder when c(g) is divided by 5.
4
Let p(i) = 35 - 21*i - 20 - 95. Calculate the remainder when (3/(-9))/((-1)/57) is divided by p(-4).
3
Let m be (-2)/(-12) - 3145/(-102). Let k = 28 + -18. Let z = m - k. Calculate the remainder when z is divided by 11.
10
Let n be (-2)/(-29) - 55160/(-812). Suppose -x + 1 + 79 = z, -5*z = x - n. Calculate the remainder when 327 is divided by x.
78
Calculate the remainder when 96 is divided by 5 + (38 - 6) - (-7 + 0).
8
Let d be (-142)/(-4) - (-23)/46. Let m = -25 + d. What is the remainder when 52 is divided by m?
8
Let h be -6 + 3 - 27*1. Let k = h + 92. Let g = 942 + -910. Calculate the remainder when k is divided by g.
30
Let r(h) = 24*h - 255. What is the remainder when 2012 is divided by r(11)?
5
Let n = -5603 - -5960. What is the remainder when n is divided by 40?
37
Let w(r) = 2*r**2 + r - 3. Suppose -z + 5*p + 9 = 0, -87*z + 9 = -86*z - 4*p. What is the remainder when w(4) is divided by z?
6
Suppose 3*l + 77 = 242. What is the remainder when l is divided by 6*(36/((-288)/(-10)))/((-10)/(-4))?
1
Let c be (-2 - 2)/(-8)*94. Let j = c + -36. Calculate the remainder when 262/14 - 28/(-98) is divided by j.
8
Let j be ((-10)/(-25))/(((-21)/(-30))/7). Suppose -3*y - 2*t = -1855, -258 - 1601 = -3*y - j*t. Calculate the remainder when y is divided by 10.
7
Let d = -2 + 4. Suppose 33*c - 181 = 371 + 9. Calculate the remainder when d/10 - (-164)/5 is divided by c.
16
Let f be 26*(2 + 35/(-10)). Let d = f - -102. Calculate the remainder when 246 is divided by d.
57
Let b = 3076 - 3033. Calculate the remainder when 162 is divided by b.
33
Suppose 0 = 10*m - 4423 - 3257. Suppose -14*a + 20*a = m. What is the remainder when a is divided by 34?
26
Suppose -5 = -2*h - 2*k + 15, -28 = -h + 5*k. Let g be (-1 - 3*(-7)/84)*4. What is the remainder when 6726/76 + 3*g/(-18) is divided by h?
11
Suppose -3559 - 3331 = -130*z. Let l = -12 - -14. What is the remainder when z is divided by l?
1
Let w = -187 - -310. Let z = -68 + w. Calculate the remainder when 25 is divided by 145/11 + 0 - 10/z.
12
Suppose 0 = 119*d + 2443 - 13153. What is the remainder when d is divided by 36?
18
Let t be -28*(2/13 + (-17)/26). Let g(w) = 2*w**3 - 5*w + 4. What is the remainder when g(3) is divided by 18/42 + 302/t?
21
Suppose -4*z - 2 = -5*z. Let n(q) = -4*q**2 + 18*q + 1. Let f be n(4). Suppose 3*k - 33 = -5*r, 2*k - 5*r + f = k. 